mon factor of 161 and 133.
7
What is the greatest common divisor of 88 and 286?
22
What is the highest common factor of 364 and 637?
91
What is the highest common divisor of 14 and 4914?
14
Calculate the highest common divisor of 324 and 24.
12
Calculate the greatest common factor of 105 and 30.
15
Calculate the highest common factor of 44 and 132.
44
What is the highest common factor of 160 and 224?
32
What is the highest common factor of 24 and 88?
8
What is the highest common factor of 16 and 5392?
16
Calculate the greatest common divisor of 114 and 228.
114
What is the highest common factor of 204 and 1292?
68
Calculate the greatest common factor of 4631 and 121.
11
What is the greatest common factor of 49644 and 394?
394
Calculate the greatest common divisor of 182 and 70.
14
What is the highest common divisor of 1469 and 26?
13
Calculate the greatest common divisor of 2337 and 123.
123
Calculate the highest common divisor of 1470 and 10.
10
What is the greatest common factor of 320 and 256?
64
What is the highest common factor of 18 and 114?
6
Calculate the highest common divisor of 17 and 1717.
17
What is the greatest common divisor of 338 and 234?
26
What is the greatest common factor of 12 and 136?
4
What is the greatest common factor of 12 and 25548?
12
Calculate the highest common factor of 560 and 70.
70
Calculate the highest common factor of 196 and 14308.
196
What is the highest common factor of 144 and 324?
36
Calculate the greatest common divisor of 2320 and 80.
80
What is the greatest common divisor of 825 and 33?
33
Calculate the highest common factor of 392 and 112.
56
Calculate the highest common factor of 132 and 4818.
66
Calculate the greatest common factor of 663 and 39.
39
What is the highest common factor of 1321 and 1?
1
Calculate the greatest common factor of 63 and 357.
21
What is the highest common factor of 14 and 3094?
14
Calculate the greatest common divisor of 53 and 13939.
53
What is the highest common factor of 1210 and 154?
22
Calculate the greatest common factor of 615 and 287.
41
Calculate the greatest common factor of 3402 and 24.
6
Calculate the highest common factor of 11 and 13.
1
What is the greatest common factor of 324 and 68?
4
Calculate the greatest common divisor of 19 and 56772.
19
Calculate the greatest common factor of 1300 and 200.
100
What is the highest common divisor of 615 and 60?
15
Calculate the highest common divisor of 273 and 247.
13
What is the highest common divisor of 99 and 66?
33
What is the highest common factor of 210 and 546?
42
Calculate the greatest common factor of 120 and 3144.
24
What is the greatest common factor of 1 and 2237?
1
What is the greatest common factor of 47 and 47?
47
What is the greatest common divisor of 152 and 684?
76
What is the highest common factor of 2871 and 13079?
319
What is the highest common divisor of 957 and 165?
33
What is the highest common factor of 48 and 20?
4
Calculate the highest common divisor of 2527 and 399.
133
What is the greatest common factor of 6902 and 1904?
238
What is the highest common factor of 28 and 60?
4
Calculate the highest common divisor of 280 and 700.
140
Calculate the greatest common divisor of 84 and 294.
42
Calculate the highest common factor of 841 and 145.
29
Calculate the greatest common divisor of 6498 and 2907.
171
What is the highest common divisor of 14 and 1491?
7
Calculate the highest common divisor of 26 and 4030.
26
What is the greatest common factor of 1503 and 279?
9
Calculate the greatest common divisor of 77 and 14.
7
What is the highest common divisor of 16 and 4688?
16
What is the greatest common divisor of 304 and 432?
16
Calculate the highest common divisor of 28 and 196.
28
What is the highest common divisor of 10 and 295?
5
Calculate the highest common factor of 105 and 490.
35
Calculate the greatest common divisor of 63 and 175.
7
Calculate the greatest common factor of 20 and 1620.
20
Calculate the highest common divisor of 221 and 68.
17
What is the highest common divisor of 2492 and 448?
28
What is the greatest common divisor of 966 and 2667?
21
What is the highest common factor of 798 and 1653?
57
What is the greatest common divisor of 1 and 181?
1
Calculate the greatest common factor of 54 and 54.
54
Calculate the highest common divisor of 657 and 45.
9
What is the greatest common factor of 156 and 130?
26
What is the greatest common divisor of 315 and 693?
63
What is the highest common factor of 68 and 170?
34
Calculate the greatest common divisor of 3852 and 72.
36
What is the greatest common divisor of 28 and 182?
14
What is the greatest common factor of 3292 and 4?
4
Calculate the greatest common factor of 98 and 1568.
98
Calculate the greatest common factor of 38 and 6270.
38
What is the highest common factor of 10 and 34?
2
What is the greatest common divisor of 2645 and 460?
115
Calculate the highest common divisor of 234 and 18.
18
Calculate the greatest common factor of 56 and 308.
28
What is the greatest common divisor of 414 and 230?
46
Calculate the greatest common factor of 1784 and 8.
8
What is the greatest common divisor of 1360 and 85?
85
What is the greatest common divisor of 2134 and 22?
22
Calculate the highest common factor of 775 and 31.
31
Calculate the greatest common divisor of 26 and 182.
26
Calculate the highest common factor of 174 and 96.
6
What is the greatest common divisor of 864 and 768?
96
Calculate the highest common divisor of 3186 and 54.
54
Calculate the greatest common divisor of 63 and 1407.
21
Calculate the greatest common divisor of 104 and 8164.
52
Calculate the greatest common factor of 120 and 4980.
60
What is the greatest common divisor of 50 and 290?
10
Calculate the greatest common divisor of 979 and 242.
11
Calculate the greatest common divisor of 42 and 2478.
42
What is the highest common divisor of 56 and 350?
14
Calculate the greatest common factor of 244 and 4270.
122
Calculate the greatest common factor of 2 and 149.
1
What is the highest common factor of 8 and 50?
2
Calculate the greatest common divisor of 220 and 20.
20
Calculate the highest common factor of 66 and 1078.
22
What is the greatest common factor of 38 and 6574?
38
Calculate the greatest common factor of 4230 and 225.
45
What is the greatest common factor of 8960 and 140?
140
Calculate the highest common factor of 117 and 8541.
117
What is the greatest common divisor of 48 and 10704?
48
Calculate the highest common divisor of 551 and 19.
19
Calculate the highest common divisor of 1287 and 572.
143
What is the highest common divisor of 52 and 2132?
52
What is the highest common divisor of 1581 and 51?
51
Calculate the greatest common divisor of 455 and 6643.
91
What is the highest common factor of 6 and 768?
6
What is the greatest common factor of 3492 and 72?
36
Calculate the highest common divisor of 612 and 1458.
18
What is the highest common factor of 1875 and 150?
75
Calculate the highest common factor of 7198 and 118.
118
Calculate the highest common factor of 138 and 48.
6
What is the greatest common divisor of 201 and 4556?
67
Calculate the greatest common divisor of 70 and 4235.
35
Calculate the highest common divisor of 14 and 1029.
7
Calculate the highest common factor of 1404 and 216.
108
What is the highest common factor of 40 and 5?
5
Calculate the highest common divisor of 80 and 1020.
20
Calculate the greatest common factor of 18 and 51.
3
What is the highest common divisor of 268 and 18358?
134
What is the highest common divisor of 192 and 12?
12
Calculate the greatest common divisor of 240 and 23376.
48
Calculate the greatest common divisor of 130 and 78.
26
What is the highest common divisor of 33 and 96?
3
What is the greatest common factor of 315 and 147?
21
Calculate the greatest common divisor of 15 and 1965.
15
What is the highest common factor of 452 and 38194?
226
Calculate the greatest common factor of 6016 and 94.
94
What is the highest common factor of 26 and 5889?
13
What is the highest common factor of 160 and 320?
160
Calculate the highest common divisor of 675 and 783.
27
Calculate the highest common divisor of 1024 and 472.
8
What is the greatest common divisor of 85 and 3213?
17
Calculate the highest common divisor of 2369 and 103.